3732029 composite?
False
Is 1873875811 a prime number?
False
Is 87320917461 composite?
True
Is 836942473 prime?
False
Is 487439911 composite?
True
Is 56714565931 prime?
False
Is 1877090117 prime?
False
Is 16291828507 prime?
False
Is 20512843523 composite?
False
Is 49775009023 a prime number?
False
Is 50448823421 a prime number?
False
Is 22212527 composite?
False
Is 4622230315 a prime number?
False
Is 4781509877 a prime number?
True
Is 21373231001 composite?
True
Is 18939245917 a prime number?
False
Is 3278976007 a prime number?
False
Is 145613501021 prime?
False
Is 38702730841 prime?
True
Is 31818161249 a composite number?
True
Is 2781307511 a composite number?
False
Is 842847749 composite?
True
Is 14633078897 prime?
True
Is 2398619657 prime?
False
Is 207034373647 composite?
False
Is 400128289779 a composite number?
True
Is 1295901457 a composite number?
False
Is 1795664813 composite?
True
Is 162768816895 a composite number?
True
Is 7810402907 a prime number?
True
Is 34215445451 a prime number?
False
Is 861015317 a prime number?
True
Is 499814212373 prime?
False
Is 2114101223 composite?
True
Is 12461746589 a composite number?
True
Is 17623462861 a prime number?
True
Is 60291591601 prime?
True
Is 2350550639 composite?
True
Is 3064566877 composite?
False
Is 1071802871 composite?
False
Is 13701031699 prime?
False
Is 7368877 a prime number?
False
Is 5064872987 a composite number?
True
Is 956875627 composite?
False
Is 4430894761 prime?
True
Is 60919671619 prime?
False
Is 14338680857 prime?
True
Is 1963699949 composite?
False
Is 846934481 a composite number?
True
Is 13718748229 composite?
False
Is 22076620981 a prime number?
True
Is 1080941089 a composite number?
False
Is 1691174983 prime?
True
Is 26493738653 composite?
False
Is 71023988579 a prime number?
False
Is 21378487307 a prime number?
True
Is 31987525151 composite?
True
Is 16568665363 prime?
False
Is 15495858689 a prime number?
True
Is 38932414511 prime?
False
Is 58263907381 prime?
True
Is 2488948601 a composite number?
False
Is 1388286719 a composite number?
True
Is 62063732491 prime?
False
Is 11222031973 composite?
False
Is 485794733 prime?
True
Is 476024343 a prime number?
False
Is 13690902103 a prime number?
False
Is 1418284123 a prime number?
True
Is 394726756661 a composite number?
False
Is 11222336773 prime?
True
Is 18959042551 a composite number?
False
Is 131969728769 prime?
True
Is 32471384923 a composite number?
False
Is 52786038553 a prime number?
False
Is 1398942933 a prime number?
False
Is 985056353 a prime number?
True
Is 290419442 a composite number?
True
Is 21789874783 a composite number?
False
Is 8970937171 a prime number?
False
Is 525827899217 composite?
False
Is 115656856657 a prime number?
True
Is 24782254741 a prime number?
True
Is 382482376071 prime?
False
Is 17567764847 prime?
True
Is 3565418127 composite?
True
Is 115023793 a prime number?
True
Is 108472253 composite?
True
Is 16263271769 composite?
True
Is 48506263431 a composite number?
True
Is 399488443 composite?
False
Is 1074999799 prime?
True
Is 1251734717 a prime number?
True
Is 65931323 prime?
True
Is 1962486979 a prime number?
True
Is 19756955843 prime?
True
Is 11179226317 a prime number?
False
Is 86879627 a composite number?
False
Is 3042087271 composite?
False
Is 7037851441 prime?
False
Is 2748593119 a prime number?
False
Is 4794227362 prime?
False
Is 136008389557 prime?
True
Is 88564493 a composite number?
False
Is 26394748057 a composite number?
False
Is 88530695987 composite?
False
Is 111229921 a prime number?
False
Is 2164334699 a composite number?
True
Is 35192705311 composite?
False
Is 3156886289 a prime number?
True
Is 2019090973 a prime number?
True
Is 908182207 prime?
False
Is 72544682939 composite?
True
Is 21701790043 a prime number?
True
Is 36999964931 a composite number?
False
Is 11907731459 prime?
False
Is 16352958419 prime?
False
Is 41508108391 a composite number?
False
Is 9477667447 composite?
False
Is 136557973831 a prime number?
True
Is 29027070617 composite?
False
Is 368669383 prime?
False
Is 66822785209 a prime number?
True
Is 10010446687 a prime number?
True
Is 1146074729 prime?
False
Is 3549442217 a prime number?
False
Is 6026158561 a composite number?
False
Is 242927831 a composite number?
False
Is 13511299799 a prime number?
False
Is 36357076607 a prime number?
True
Is 28616760791 prime?
True
Is 322416389 a composite number?
True
Is 246382069 composite?
True
Is 72441613 a composite number?
True
Is 21241872319 prime?
True
Is 14102051 prime?
True
Is 19354333121 prime?
True
Is 817513423 prime?
False
Is 24418476293 a prime number?
False
Is 111147629 prime?
True
Is 40646187321 composite?
True
Is 7654983097 composite?
True
Is 85414673 prime?
True
Is 10064897467 a prime number?
False
Is 659412109 prime?
False
Is 1113671077 a prime number?
True
Is 155827501 a composite number?
True
Is 4795352917 composite?
False
Is 205658227 a composite number?
True
Is 9057364993 prime?
False
Is 15095635441 prime?
True
Is 14255861 a composite number?
False
Is 13481542709 a composite number?
False
Is 16400999389 a prime number?
True
Is 6078937 prime?
True
Is 36775703929 composite?
False
Is 578674181 a prime number?
False
Is 4592285557 composite?
False
Is 8320886773 prime?
True
Is 1943439293 a composite number?
False
Is 23176121 composite?
False
Is 661223467 prime?
False
Is 3598674073 composite?
False
Is 1238064227 prime?
True
Is 17203717 composite?
True
Is 247615609 prime?
True
Is 102673781 composite?
True
Is 130021218499 a composite number?
True
Is 23591547059 a prime number?
False
Is 296035877 composite?
False
Is 160020709 composite?
True
Is 35266881101 prime?
True
Is 2550028357 composite?
True
Is 4389427099 a composite number?
True
Is 9826367647 composite?
False
Is 871916567 prime?
True
Is 520225943 prime?
True
Is 1728048941 a prime number?
False
Is 21227512667 a prime number?
True
Is 11752485299 composite?
True
Is 15619315823 a prime number?
True
Is 10070244589 a composite number?
False
Is 621139019 a composite number?
True
Is 368679229 a prime number?
False
Is 1933856755 composite?
True
Is 5049279557 a composite number?
True
Is 8001152441 a prime number?
False
Is 1980188809 composite?
True
Is 4438815769 prime?
False
Is 9429855719 composite?
True
Is 775394449 a prime number?
False
Is 16582592449 prime?
True
Is 3674126359 composite?
False
Is 87058514293 prime?
False
Is 14910881 prime?
True
Is 3775021531 a composite number?
True
Is 1258559191 a prime number?
False
Is 23446807 composite?
False
Is 12110761781 a composite number?
False
Is 342242790391 a composite number?
False
Is 2440026077 composite?
True
Is 630382379 prime?
False
Is 324892177 prime?
True
Is 1187407121 a prime number?
True
Is 1482059141 prime?
True
Is 3778547533 a prime number?
True
Is 274169339 a composite number?
True
Is 22054414877 a composite number?
True
Is 32116395833 a prime number?
False
Is 10992087521 a composite number?
False
Is 393827897 a composite number?
False
Is 1343701703 a prime number?
False
Is 33264781997 composite?
False
Is 37093930513 composite?
False
Is 726124166 a prime number?
False
Is 9412696147 a composite number?
False
Is 108298501 prime?
False
Is 3268710607 composite?
False
Is 1119625081 prime?
True
Is 32984383339 composite?
False
Is 1410609643 a composite number?
False
Is 482018443 a composite number?
True
Is 2184504293 a prime number?
False
Is 224408887 prime?
True
Is 23392148678 a composite number?
True
Is 23566414523 a prime number?
False
Is 3573198991 a prime number?
False
Is 867905557 prime?
True
Is 221004341777 prime?
False
Is 179118799 a prime number?
False
Is 1186220621 prime?
True
Is 53492784326 a composite number?
True
Is 26723057 prime?
True
Is 8583497803 composite?
False
Is 4366862839 composite?
False
Is 696213919 a prime number?
True
Is 8081931989 composite?
True
Is 2962860013 a composite number?
False
Is 3860780629 prime?
False
Is 28575510127 a composite number?
False
Is 6856298509 a composite number?
True
Is 138518253131 a prime number?
False
Is 12347377513 prime?
True
Is 7201194929 composite?
False
Is 50933126185 a prime number?
False
Is 910717009 a prime number?
True
Is 586900607 prime?
True
Is 43055387777 a composite number?
False
Is 2051876257 a composite number?
False
Is 701881763 a composite